7). Let o be 4 + 1 - 0/c. What is the remainder when b(o) is divided by 19?
18
Let q be (-69)/3*(-4)/4. Suppose 2*p - q = p - 5*t, -2*t = 2*p - 22. What is the remainder when p is divided by 3?
2
Suppose 11 = 3*y - 4, -23 = 2*j + y. What is the remainder when 4/j - (-284)/14 is divided by 11?
9
Let i(p) = 4*p**3 - 2*p**2 - 2*p - 1. Let m be i(-1). Let q(w) = -w**3 - w**2 + 17. Let u be q(0). Let a = u + m. What is the remainder when 23 is divided by a?
11
Let g = 15 - 22. Let x(b) = -5*b + 4. What is the remainder when x(g) is divided by 21?
18
Let w(d) = d**2 + 5*d - 4. Let i(z) = z**3 - z**2 - 2*z + 5. Let f be i(4). Calculate the remainder when w(-9) is divided by 194/18 + 10/f.
10
Let t be (-15)/21 + 2/(-7). Calculate the remainder when 33/4*(2 - -2) is divided by -1*(0/t + -17).
16
Let j be -1*(-4)/(-2)*-2. Suppose 18 = j*o - 26. Suppose -a = -9 - o. What is the remainder when 39 is divided by a?
19
Let q be 18/((-10)/(-4) - 1). Suppose l + 3*l = q. Suppose -j + 3*w + w + 18 = 0, 3*j + l*w - 24 = 0. What is the remainder when 38 is divided by j?
8
Let w(l) = -l + 42. What is the remainder when w(16) is divided by 14?
12
Suppose 0 = -2*w - 2*w - 4*m + 40, 0 = -4*m + 4. Let s(d) = -4*d - 3. Let c be s(-3). Let u = c - 4. What is the remainder when w is divided by u?
4
Suppose 5*d - 15 = g, 2*d + 3*g - 15 = 8. Suppose -31 = w - 2*w + 4*j, -d*w + j + 169 = 0. What is the remainder when w is divided by 11?
10
Suppose 35 = 2*m - 5*g, -4*g - 1 = -3*g. What is the remainder when 57 is divided by m?
12
Let q = 2 - -7. Calculate the remainder when q is divided by 6.
3
Let h(t) = t**3 + 9*t**2 + 6*t + 13. What is the remainder when h(-6) is divided by 11?
8
Calculate the remainder when 83 is divided by -2 + (8 - 6) - (1 + -30).
25
Suppose 4*r + 4*a = r + 97, 2*a - 101 = -3*r. What is the remainder when r is divided by 9?
8
Let f = 11 - 8. Calculate the remainder when 441/36 + f/4 is divided by 5.
3
Let h(y) = -y - 1. Let k(n) = 3*n + 1. Let m = -2 - 4. Let b(s) = m*k(s) - 13*h(s). What is the remainder when b(-10) is divided by 15?
12
Suppose -5*r + 2*r + 15 = 0. Let o = 6 + -3. What is the remainder when r is divided by o?
2
Let v = -30 + -1. Calculate the remainder when 7 is divided by (-6)/(-33) - v/11.
1
Let i be (3 - 1) + (-1280)/(-20). Let b = i + -42. Suppose 3*d = g - 21, 3*g + 38 = 5*g - 5*d. Calculate the remainder when b is divided by g.
6
Let f(w) = 4*w**2 - 8*w - 2. What is the remainder when f(-3) is divided by 20?
18
Let k(u) = -u**3 - u**2 - 6*u - 7. Let l be 1/(-4) + 150/(-40). Suppose -22 = -2*q + q. Calculate the remainder when k(l) is divided by q.
21
Suppose -86 = -3*i - 17. Let c = -7 - -18. Suppose -c = -p - 3. Calculate the remainder when i is divided by p.
7
Suppose 5*x = -2*t + 3, -2 = -t - 2*x + 2. What is the remainder when t is divided by 8?
6
Suppose -52 = -3*z + 62. Let a = z - 27. What is the remainder when a is divided by 6?
5
Suppose -a + u + 17 = 3*a, -3*a + 2*u = -9. What is the remainder when 17 is divided by a?
2
Suppose -2 = -l, 56 + 12 = -3*t - 5*l. Let f = t - -60. Let c(y) = y**3 - 19*y**2 - 18*y - 28. What is the remainder when f is divided by c(20)?
10
Let y(d) = -d**3 + 5*d**2 - 2*d + 2. Let j be y(5). Calculate the remainder when j/(36/44 + -1) is divided by ((-46)/3)/(-2)*3.
21
Let v = 29 - 18. Calculate the remainder when 42 is divided by v.
9
Let z = 43 - 11. Calculate the remainder when z is divided by 11.
10
Suppose -10*m + 9*m = -29. Suppose -4*b = -2*k + 4*k - 26, -k + 2*b + m = 0. Calculate the remainder when k is divided by ((-4)/(-3) + -1)*33.
10
Suppose -4 = 2*l, -6*w - 2*l = -2*w - 244. What is the remainder when w is divided by 22?
18
Let s = -24 - -37. Calculate the remainder when 24 is divided by s.
11
Let c(k) = 2*k**2 - 2*k - 2. Let f be c(3). Suppose -f = -2*u - 2. Calculate the remainder when 6 is divided by u.
2
Suppose 2*b - 11 - 7 = 0. Suppose 0 = -y + 4 + 4. Suppose 3*o - y = 7. Calculate the remainder when b is divided by o.
4
Let l be (-20)/(-8) - 2/(-4). Suppose l*p = -14 + 56. Suppose 0 = -2*v - 5*t + 62, -4*v - 2*t + 183 - 27 = 0. Calculate the remainder when v is divided by p.
13
Let b(u) = u**3 + 5*u**2 - 5*u - 1. Calculate the remainder when (-69)/((7 + -5)/(-2)) is divided by b(-5).
21
Suppose -c - m + 19 = 0, -3*c + 4*m = c - 116. Suppose -t + 6 = -3*x, 0 = -3*t + 4*x + 11 + 12. Calculate the remainder when c is divided by t.
6
Let y = 10 - 10. Suppose y = 5*r - 2*r - 33. Calculate the remainder when 42 is divided by r.
9
Let d be (-2)/2*(3 + -4). Let t = 1 + d. Suppose -16 = -4*b, -a = -t*b - 6 - 3. Calculate the remainder when 49 is divided by a.
15
Suppose 2*d = 438 - 174. Let v = d + -63. Calculate the remainder when v is divided by 24.
21
Let l be 5 - 1/((-3)/(-6)). Suppose -4 = -l*x - x. What is the remainder when 21 is divided by (-56)/(-35)*5/x?
5
Let d(i) be the third derivative of i**4/4 - 2*i**3/3 + 3*i**2. Calculate the remainder when d(5) is divided by 9.
8
Calculate the remainder when 27 is divided by 6/33 - 216/(-22).
7
Suppose 3*t - 34 = -1. What is the remainder when 42 is divided by t?
9
Let j(d) = 2*d**2 + 2*d + 1. Let l be j(-2). Suppose 3 = l*o + 18. Calculate the remainder when 208/6 + (-1)/o is divided by 9.
8
Calculate the remainder when 45 is divided by 20 - (0 + 5 + -1).
13
Suppose 0 = 4*u - 3*u - 2*n - 70, -4*u - 4*n = -340. Suppose 2*t - l - u + 27 = 0, -1 = l. What is the remainder when t is divided by 14?
12
Suppose -5*a + 14 + 3 = -q, -2*q = 4*a - 8. Suppose 5*k - 29 = 11. What is the remainder when (1/q)/(4/(-184)) is divided by k?
7
Let x(z) = z + 3. What is the remainder when 68 is divided by x(15)?
14
Let q be (5 + -4)/((-2)/(-28)). Suppose 0 = -h - 3 + q. What is the remainder when h is divided by 3?
2
Suppose 6*b - 11*b = -35. What is the remainder when b is divided by 3?
1
Let j be 94/14 - (-4)/14. Let m(g) = -4*g - 9 + 7*g - g**3 + 4*g**2 + 3*g**2. Calculate the remainder when 23 is divided by m(j).
11
Suppose -3*u = -3*t - 15, -4*u + t = -0*t - 11. Suppose 3*s + p - 140 = 0, -5*s = u*p - 30 - 203. Let v = 22 + -6. What is the remainder when s is divided by v?
15
Let s = -16 - -19. Suppose -s*l - l + 16 = 0. What is the remainder when 5 is divided by l?
1
Suppose 0 = 3*t - 5*t + 18. Let w be (-3 + -1)/(6/(-3)). Suppose -w*n + 11 = -37. Calculate the remainder when n is divided by t.
6
Let h = 26 - 9. Let u(r) = 9*r - 7. Calculate the remainder when u(8) is divided by h.
14
Suppose 3*v + 2*j = 3 + 4, 0 = -v - 3*j. Suppose v*b - 275 = -8. What is the remainder when b is divided by 23?
20
Let x(g) = 1 + 3*g - 3*g - g. What is the remainder when x(0) is divided by ((-1)/7)/((-2)/14)?
0
Let n(l) = l**2 + 11*l + 15. Suppose -42 = -4*x + 5*m, -m + 4*m - 6 = 0. Calculate the remainder when x is divided by n(-10).
3
Let h(t) = 2*t - 10. Let z be h(6). Calculate the remainder when (10/(-6))/(z/(-6)) is divided by 3.
2
Suppose -3*j = -j - 4. Suppose -2*x - j = -28. Suppose 0*p + 4*k + 62 = 2*p, 3*k = -5*p + 116. What is the remainder when p is divided by x?
12
Let u(o) = o + 7. What is the remainder when u(16) is divided by 10?
3
Suppose -12 = -4*p + p. Let g = p - -3. Let l = -2 + g. What is the remainder when 13 is divided by l?
3
Let p = 36 - 26. Suppose -6*x + 12 = 2*g - 2*x, -4*g + 15 = -x. What is the remainder when p is divided by g?
2
Let a = 31 + 67. Suppose -5*h = n - 140, -4*h + 8 + a = 2*n. Let d = 31 + -21. What is the remainder when h is divided by d?
9
Let j(a) = -a**3 - 3*a**2 - 3*a - 4. Let t be j(-3). Suppose -4*c - t*n + 136 = 0, -12 = 3*n - 0*n. What is the remainder when c is divided by 10?
9
Let c(l) = -l**2 + 5*l + 8. Let y be c(6). Suppose -b = b - y. Calculate the remainder when 66 - (-1 + 2/b) is divided by 22.
21
Let n(k) = -4*k - 1. Let p be n(-2). Let f(b) = b**2 + 3*b - 3. Calculate the remainder when f(p) is divided by 23.
21
Suppose 0 = -12*a + 9*a + 129. Calculate the remainder when a is divided by 15.
13
Let g = 73 - 35. Calculate the remainder when g is divided by 14.
10
Suppose 9*k - 10*k = -20. Calculate the remainder when 57 is divided by k.
17
Let b(s) = 2*s - 13. Let t(f) = f - 12. Let g(j) = -2*b(j) + 3*t(j). What is the remainder when g(-16) is divided by 3?
0
Let j = 7 - 4. Suppose -3*x = x + 3*z 